{"id":5,"date":"2021-03-03T11:26:44","date_gmt":"2021-03-03T11:26:44","guid":{"rendered":"https:\/\/portucalea.pt\/site\/?page_id=5"},"modified":"2022-07-06T10:58:20","modified_gmt":"2022-07-06T10:58:20","slug":"saaf-forestis","status":"publish","type":"page","link":"https:\/\/portucalea.pt\/site\/projetos\/saaf-forestis\/","title":{"rendered":"Cria\u00e7\u00e3o e Desenvolvimento de Servi\u00e7os de Aconselhamento Agroflorestal (SAAF) do Movimento Forestis"},"content":{"rendered":"\n<p><strong>Opera\u00e7\u00e3o n.\u00ba<\/strong> &#8211; PDR2020-222-047136<br>Junho de 2019 a Maio de 2022<br><strong>Objetivos<\/strong><br>Melhorar o desempenho econ\u00f3mico, ambiental e social das explora\u00e7\u00f5es, aumentando o conhecimento e aplica\u00e7\u00e3o das obriga\u00e7\u00f5es legais, regulamentares dos seus propriet\u00e1rios e aumentar a sua din\u00e2mica ao n\u00edvel do empreendedorismo, inova\u00e7\u00e3o, integra\u00e7\u00e3o setorial e capacidade de resposta a novos desafios atrav\u00e9s da presta\u00e7\u00e3o de Servi\u00e7os de Aconselhamento Agroflorestal (SAAF).<br><strong>A\u00e7\u00f5es<\/strong><\/p>\n\n\n\n<ul class=\"wp-block-list\"><li>Estruturar e disponibilizar um Sistema de Servi\u00e7os de Aconselhamento Florestal (SAAF), para um melhor desempenho econ\u00f3mico, ambiental e social das explora\u00e7\u00f5es florestais;<\/li><li>Divulgar o sistema de SAAF;<\/li><li>Formar conselheiros, para uma presta\u00e7\u00e3o de servi\u00e7os de elevado n\u00edvel de qualidade e efici\u00eancia;<\/li><li>Promover a partilha de experi\u00eancia tendo em vista a melhoria cont\u00ednua;<\/li><li>Contribuir para a gest\u00e3o sustent\u00e1vel da floresta, pela ado\u00e7\u00e3o de boas pr\u00e1ticas, legisla\u00e7\u00e3o, t\u00e9cnicas, tecnologias e processos inovadores.<\/li><\/ul>\n\n\n\n<p><strong>Resultados<\/strong><\/p>\n\n\n\n<ul class=\"wp-block-list\"><li>Implementa\u00e7\u00e3o do Sistema de Servi\u00e7os de Aconselhamento Florestal (SAAF) Forestis; <\/li><li>Divulga\u00e7\u00e3o do projeto aos benefici\u00e1rios; Capacita\u00e7\u00e3o de conselheiros com ferramentas de trabalho; <\/li><li>Acesso de todas as entidades da parceria a ambiente Web do projeto; <\/li><li>Realiza\u00e7\u00e3o de reuni\u00f5es de conselheiros, para partilha e melhoria cont\u00ednua da presta\u00e7\u00e3o dos servi\u00e7os; <\/li><li>Realiza\u00e7\u00e3o de servi\u00e7os de SAAF a propriet\u00e1rios\/gestores florestais; <\/li><li>Monitoriza\u00e7\u00e3o e avalia\u00e7\u00e3o dos servi\u00e7os prestados.<\/li><\/ul>\n\n\n\n<p><strong>Institui\u00e7\u00e3o promotora<\/strong><br>FORESTIS &#8211; Associa\u00e7\u00e3o Florestal de Portugal<\/p>\n\n\n\n<p><strong>Parceiros<\/strong><br>AFACC<br>AFBAIXOVOUGA<br>AFCAVADO<br>AFCGOIS<br>AFEDT<br>AFEDV<br>AFLIMA<br>AFLODOUNORTE<br>AFLOPINHAL<br>AFVSOUSA<br>APFAM<br>APFCA<br>APFCAN<br>APFLOR<br>APFVMINHO<br>ARBOREA<br>ASVA<br>PORTUCALEA<br>RIBAFLOR<br>URZE<\/p>\n\n\n\n<div style=\"height:100px\" aria-hidden=\"true\" class=\"wp-block-spacer\"><\/div>\n\n\n\n<p class=\"has-text-align-right\">Cofinanciado por:<\/p>\n\n\n\n<div class=\"wp-block-columns is-layout-flex wp-container-core-columns-is-layout-9d6595d7 wp-block-columns-is-layout-flex\">\n<div class=\"wp-block-column is-layout-flow wp-block-column-is-layout-flow\">\n<figure class=\"wp-block-image size-full\"><a href=\"https:\/\/ec.europa.eu\/info\/food-farming-fisheries\/key-policies\/common-agricultural-policy\/rural-development_pt\" target=\"_blank\" rel=\"noopener\"><img loading=\"lazy\" decoding=\"async\" width=\"308\" height=\"69\" src=\"https:\/\/portucalea.pt\/site\/wp-content\/uploads\/2022\/03\/pdr2020_logo.png\" alt=\"\" class=\"wp-image-133\" srcset=\"https:\/\/portucalea.pt\/site\/wp-content\/uploads\/2022\/03\/pdr2020_logo.png 308w, https:\/\/portucalea.pt\/site\/wp-content\/uploads\/2022\/03\/pdr2020_logo-300x67.png 300w, https:\/\/portucalea.pt\/site\/wp-content\/uploads\/2022\/03\/pdr2020_logo-150x34.png 150w\" sizes=\"auto, (max-width: 308px) 100vw, 308px\" \/><\/a><\/figure>\n<\/div>\n\n\n\n<div class=\"wp-block-column is-layout-flow wp-block-column-is-layout-flow\">\n<figure class=\"wp-block-image size-large\"><a href=\"https:\/\/ec.europa.eu\/info\/food-farming-fisheries\/key-policies\/common-agricultural-policy\/rural-development_pt\" target=\"_blank\" rel=\"noopener\"><img loading=\"lazy\" decoding=\"async\" width=\"1024\" height=\"313\" src=\"https:\/\/portucalea.pt\/site\/wp-content\/uploads\/2022\/03\/Logo_Portugal_2020_Cores-1024x313.jpeg\" alt=\"\" class=\"wp-image-135\" srcset=\"https:\/\/portucalea.pt\/site\/wp-content\/uploads\/2022\/03\/Logo_Portugal_2020_Cores-1024x313.jpeg 1024w, https:\/\/portucalea.pt\/site\/wp-content\/uploads\/2022\/03\/Logo_Portugal_2020_Cores-300x92.jpeg 300w, https:\/\/portucalea.pt\/site\/wp-content\/uploads\/2022\/03\/Logo_Portugal_2020_Cores-768x234.jpeg 768w, https:\/\/portucalea.pt\/site\/wp-content\/uploads\/2022\/03\/Logo_Portugal_2020_Cores-1536x469.jpeg 1536w, https:\/\/portucalea.pt\/site\/wp-content\/uploads\/2022\/03\/Logo_Portugal_2020_Cores-150x46.jpeg 150w, https:\/\/portucalea.pt\/site\/wp-content\/uploads\/2022\/03\/Logo_Portugal_2020_Cores.jpeg 1589w\" sizes=\"auto, (max-width: 1024px) 100vw, 1024px\" \/><\/a><\/figure>\n<\/div>\n\n\n\n<div class=\"wp-block-column is-layout-flow wp-block-column-is-layout-flow\">\n<figure class=\"wp-block-image size-full\"><a href=\"https:\/\/ec.europa.eu\/info\/food-farming-fisheries\/key-policies\/common-agricultural-policy\/rural-development_pt\" target=\"_blank\" rel=\"noopener\"><img loading=\"lazy\" decoding=\"async\" width=\"908\" height=\"238\" src=\"https:\/\/portucalea.pt\/site\/wp-content\/uploads\/2022\/03\/feader.jpeg\" alt=\"\" class=\"wp-image-132\" srcset=\"https:\/\/portucalea.pt\/site\/wp-content\/uploads\/2022\/03\/feader.jpeg 908w, https:\/\/portucalea.pt\/site\/wp-content\/uploads\/2022\/03\/feader-300x79.jpeg 300w, https:\/\/portucalea.pt\/site\/wp-content\/uploads\/2022\/03\/feader-768x201.jpeg 768w, https:\/\/portucalea.pt\/site\/wp-content\/uploads\/2022\/03\/feader-150x39.jpeg 150w\" sizes=\"auto, (max-width: 908px) 100vw, 908px\" \/><\/a><\/figure>\n<\/div>\n<\/div>\n\n\n\n<p><\/p>\n","protected":false},"excerpt":{"rendered":"<p>Opera\u00e7\u00e3o n.\u00ba &#8211; PDR2020-222-047136Junho de 2019 a Maio de 2022ObjetivosMelhorar o desempenho econ\u00f3mico, ambiental e social das explora\u00e7\u00f5es, aumentando o conhecimento e aplica\u00e7\u00e3o das obriga\u00e7\u00f5es legais, regulamentares dos seus propriet\u00e1rios e aumentar a sua din\u00e2mica ao n\u00edvel do empreendedorismo, inova\u00e7\u00e3o, integra\u00e7\u00e3o setorial e capacidade de resposta a novos desafios atrav\u00e9s&#8230;<\/p>\n<p> <a class=\"continue-reading-link\" href=\"https:\/\/portucalea.pt\/site\/projetos\/saaf-forestis\/\"><span>Continue reading<\/span><i class=\"crycon-right-dir\"><\/i><\/a> <\/p>\n","protected":false},"author":1,"featured_media":30,"parent":106,"menu_order":0,"comment_status":"closed","ping_status":"closed","template":"","meta":{"footnotes":""},"class_list":["post-5","page","type-page","status-publish","has-post-thumbnail","hentry"],"_links":{"self":[{"href":"https:\/\/portucalea.pt\/site\/wp-json\/wp\/v2\/pages\/5","targetHints":{"allow":["GET"]}}],"collection":[{"href":"https:\/\/portucalea.pt\/site\/wp-json\/wp\/v2\/pages"}],"about":[{"href":"https:\/\/portucalea.pt\/site\/wp-json\/wp\/v2\/types\/page"}],"author":[{"embeddable":true,"href":"https:\/\/portucalea.pt\/site\/wp-json\/wp\/v2\/users\/1"}],"replies":[{"embeddable":true,"href":"https:\/\/portucalea.pt\/site\/wp-json\/wp\/v2\/comments?post=5"}],"version-history":[{"count":8,"href":"https:\/\/portucalea.pt\/site\/wp-json\/wp\/v2\/pages\/5\/revisions"}],"predecessor-version":[{"id":140,"href":"https:\/\/portucalea.pt\/site\/wp-json\/wp\/v2\/pages\/5\/revisions\/140"}],"up":[{"embeddable":true,"href":"https:\/\/portucalea.pt\/site\/wp-json\/wp\/v2\/pages\/106"}],"wp:featuredmedia":[{"embeddable":true,"href":"https:\/\/portucalea.pt\/site\/wp-json\/wp\/v2\/media\/30"}],"wp:attachment":[{"href":"https:\/\/portucalea.pt\/site\/wp-json\/wp\/v2\/media?parent=5"}],"curies":[{"name":"wp","href":"https:\/\/api.w.org\/{rel}","templated":true}]}}

Criação e Desenvolvimento de Serviços de Aconselhamento Agroflorestal (SAAF) do Movimento Forestis

<p><strong>Operação n.º</strong> &#8211; PDR2020-222-047136<br>Junho de 2019 a Maio de 2022<br><strong>Objetivos</strong><br>Melhorar o desempenho económico, ambiental e social das explorações, aumentando o conhecimento e aplicação das obrigações legais, regulamentares dos seus proprietários e aumentar a sua dinâmica ao nível do empreendedorismo, inovação, integração setorial e capacidade de resposta a novos desafios através da prestação de Serviços de Aconselhamento Agroflorestal (SAAF).<br><strong>Ações</strong></p>



<ul class="wp-block-list"><li>Estruturar e disponibilizar um Sistema de Serviços de Aconselhamento Florestal (SAAF), para um melhor desempenho económico, ambiental e social das explorações florestais;</li><li>Divulgar o sistema de SAAF;</li><li>Formar conselheiros, para uma prestação de serviços de elevado nível de qualidade e eficiência;</li><li>Promover a partilha de experiência tendo em vista a melhoria contínua;</li><li>Contribuir para a gestão sustentável da floresta, pela adoção de boas práticas, legislação, técnicas, tecnologias e processos inovadores.</li></ul>



<p><strong>Resultados</strong></p>



<ul class="wp-block-list"><li>Implementação do Sistema de Serviços de Aconselhamento Florestal (SAAF) Forestis; </li><li>Divulgação do projeto aos beneficiários; Capacitação de conselheiros com ferramentas de trabalho; </li><li>Acesso de todas as entidades da parceria a ambiente Web do projeto; </li><li>Realização de reuniões de conselheiros, para partilha e melhoria contínua da prestação dos serviços; </li><li>Realização de serviços de SAAF a proprietários/gestores florestais; </li><li>Monitorização e avaliação dos serviços prestados.</li></ul>



<p><strong>Instituição promotora</strong><br>FORESTIS &#8211; Associação Florestal de Portugal</p>



<p><strong>Parceiros</strong><br>AFACC<br>AFBAIXOVOUGA<br>AFCAVADO<br>AFCGOIS<br>AFEDT<br>AFEDV<br>AFLIMA<br>AFLODOUNORTE<br>AFLOPINHAL<br>AFVSOUSA<br>APFAM<br>APFCA<br>APFCAN<br>APFLOR<br>APFVMINHO<br>ARBOREA<br>ASVA<br>PORTUCALEA<br>RIBAFLOR<br>URZE</p>



<div style="height:100px" aria-hidden="true" class="wp-block-spacer"></div>



<p class="has-text-align-right">Cofinanciado por:</p>



<div class="wp-block-columns is-layout-flex wp-container-core-columns-is-layout-9d6595d7 wp-block-columns-is-layout-flex">
<div class="wp-block-column is-layout-flow wp-block-column-is-layout-flow">
<figure class="wp-block-image size-full"><a href="https://ec.europa.eu/info/food-farming-fisheries/key-policies/common-agricultural-policy/rural-development_pt" target="_blank" rel="noopener"><img loading="lazy" decoding="async" width="308" height="69" src="https://portucalea.pt/site/wp-content/uploads/2022/03/pdr2020_logo.png" alt="" class="wp-image-133" srcset="https://portucalea.pt/site/wp-content/uploads/2022/03/pdr2020_logo.png 308w, https://portucalea.pt/site/wp-content/uploads/2022/03/pdr2020_logo-300x67.png 300w, https://portucalea.pt/site/wp-content/uploads/2022/03/pdr2020_logo-150x34.png 150w" sizes="auto, (max-width: 308px) 100vw, 308px" /></a></figure>
</div>



<div class="wp-block-column is-layout-flow wp-block-column-is-layout-flow">
<figure class="wp-block-image size-large"><a href="https://ec.europa.eu/info/food-farming-fisheries/key-policies/common-agricultural-policy/rural-development_pt" target="_blank" rel="noopener"><img loading="lazy" decoding="async" width="1024" height="313" src="https://portucalea.pt/site/wp-content/uploads/2022/03/Logo_Portugal_2020_Cores-1024x313.jpeg" alt="" class="wp-image-135" srcset="https://portucalea.pt/site/wp-content/uploads/2022/03/Logo_Portugal_2020_Cores-1024x313.jpeg 1024w, https://portucalea.pt/site/wp-content/uploads/2022/03/Logo_Portugal_2020_Cores-300x92.jpeg 300w, https://portucalea.pt/site/wp-content/uploads/2022/03/Logo_Portugal_2020_Cores-768x234.jpeg 768w, https://portucalea.pt/site/wp-content/uploads/2022/03/Logo_Portugal_2020_Cores-1536x469.jpeg 1536w, https://portucalea.pt/site/wp-content/uploads/2022/03/Logo_Portugal_2020_Cores-150x46.jpeg 150w, https://portucalea.pt/site/wp-content/uploads/2022/03/Logo_Portugal_2020_Cores.jpeg 1589w" sizes="auto, (max-width: 1024px) 100vw, 1024px" /></a></figure>
</div>



<div class="wp-block-column is-layout-flow wp-block-column-is-layout-flow">
<figure class="wp-block-image size-full"><a href="https://ec.europa.eu/info/food-farming-fisheries/key-policies/common-agricultural-policy/rural-development_pt" target="_blank" rel="noopener"><img loading="lazy" decoding="async" width="908" height="238" src="https://portucalea.pt/site/wp-content/uploads/2022/03/feader.jpeg" alt="" class="wp-image-132" srcset="https://portucalea.pt/site/wp-content/uploads/2022/03/feader.jpeg 908w, https://portucalea.pt/site/wp-content/uploads/2022/03/feader-300x79.jpeg 300w, https://portucalea.pt/site/wp-content/uploads/2022/03/feader-768x201.jpeg 768w, https://portucalea.pt/site/wp-content/uploads/2022/03/feader-150x39.jpeg 150w" sizes="auto, (max-width: 908px) 100vw, 908px" /></a></figure>
</div>
</div>



<p></p>

<p>Operação n.º &#8211; PDR2020-222-047136Junho de 2019 a Maio de 2022ObjetivosMelhorar o desempenho económico, ambiental e social das explorações, aumentando o conhecimento e aplicação das obrigações legais, regulamentares dos seus proprietários e aumentar a sua dinâmica ao nível do empreendedorismo, inovação, integração setorial e capacidade de resposta a novos desafios através&#8230;</p>
<p> <a class="continue-reading-link" href="https://portucalea.pt/site/projetos/saaf-forestis/"><span>Continue reading</span><i class="crycon-right-dir"></i></a> </p>
